est common factor of 34 and 2414.
34
Calculate the highest common factor of 156 and 8.
4
What is the greatest common divisor of 553 and 632?
79
What is the greatest common factor of 54 and 774?
18
What is the greatest common divisor of 1752 and 73?
73
Calculate the greatest common factor of 12 and 32.
4
What is the greatest common factor of 34648 and 122?
122
Calculate the greatest common divisor of 7622 and 148.
74
What is the greatest common divisor of 42 and 1050?
42
What is the greatest common factor of 1254 and 456?
114
Calculate the greatest common divisor of 30 and 465.
15
Calculate the highest common divisor of 4 and 18.
2
What is the greatest common divisor of 14 and 315?
7
Calculate the highest common factor of 40 and 45.
5
What is the greatest common factor of 52 and 65?
13
Calculate the highest common factor of 120 and 90.
30
What is the greatest common divisor of 69 and 368?
23
What is the highest common divisor of 36 and 24?
12
What is the highest common factor of 3627 and 26?
13
What is the highest common divisor of 9255 and 15?
15
What is the highest common factor of 5 and 15?
5
Calculate the greatest common divisor of 159 and 106.
53
Calculate the greatest common factor of 87 and 2175.
87
Calculate the greatest common divisor of 3 and 26.
1
Calculate the greatest common divisor of 95 and 760.
95
What is the highest common factor of 612 and 180?
36
Calculate the greatest common divisor of 9 and 121.
1
What is the greatest common factor of 38 and 94?
2
Calculate the highest common divisor of 155 and 93.
31
Calculate the greatest common divisor of 2162 and 46.
46
What is the highest common factor of 56 and 266?
14
Calculate the greatest common divisor of 26 and 186.
2
What is the greatest common divisor of 52 and 858?
26
Calculate the highest common divisor of 128 and 152.
8
Calculate the highest common divisor of 636 and 516.
12
Calculate the greatest common divisor of 80 and 35.
5
What is the highest common factor of 204 and 1488?
12
Calculate the greatest common factor of 19 and 95.
19
What is the highest common factor of 36 and 9?
9
Calculate the greatest common factor of 226 and 1469.
113
What is the highest common factor of 1197 and 532?
133
Calculate the highest common factor of 700 and 84.
28
What is the highest common divisor of 1265 and 220?
55
What is the highest common divisor of 49 and 4?
1
What is the greatest common factor of 1417 and 4033?
109
Calculate the highest common divisor of 45175 and 65.
65
Calculate the greatest common divisor of 5 and 5.
5
Calculate the greatest common divisor of 36 and 948.
12
Calculate the greatest common factor of 8 and 17128.
8
What is the highest common factor of 16 and 96?
16
What is the greatest common factor of 1779 and 9?
3
Calculate the highest common divisor of 18 and 27.
9
Calculate the greatest common divisor of 32 and 8.
8
What is the highest common divisor of 69 and 207?
69
Calculate the highest common divisor of 59 and 72275.
59
What is the highest common divisor of 1410 and 90?
30
What is the highest common divisor of 312 and 48?
24
What is the greatest common factor of 2601 and 36?
9
What is the highest common divisor of 10 and 160?
10
Calculate the highest common divisor of 10724 and 28.
28
What is the greatest common divisor of 9639 and 378?
189
What is the highest common divisor of 14 and 2?
2
What is the highest common factor of 27 and 1?
1
What is the greatest common factor of 28 and 378?
14
What is the greatest common divisor of 9 and 75?
3
Calculate the greatest common divisor of 1960 and 1460.
20
What is the highest common divisor of 15 and 6180?
15
Calculate the highest common divisor of 714 and 28.
14
Calculate the greatest common factor of 20 and 320.
20
Calculate the greatest common divisor of 48798 and 18.
18
Calculate the greatest common divisor of 561 and 11.
11
Calculate the highest common divisor of 1184 and 37.
37
What is the highest common divisor of 1266 and 12?
6
What is the highest common divisor of 27 and 9?
9
What is the greatest common factor of 369 and 1224?
9
Calculate the highest common factor of 882 and 1008.
126
Calculate the greatest common divisor of 322 and 476.
14
What is the highest common factor of 3 and 24?
3
What is the highest common divisor of 117 and 611?
13
What is the highest common divisor of 94 and 1175?
47
Calculate the greatest common divisor of 8000 and 440.
40
Calculate the highest common factor of 1239 and 42.
21
What is the highest common factor of 20002 and 292?
146
What is the greatest common factor of 1 and 133?
1
Calculate the greatest common factor of 551 and 87.
29
Calculate the greatest common factor of 74 and 37.
37
What is the greatest common divisor of 40362 and 21?
21
Calculate the greatest common factor of 25330 and 170.
170
Calculate the highest common factor of 342 and 5586.
114
What is the highest common divisor of 25 and 4020?
5
Calculate the greatest common factor of 4665 and 15.
15
Calculate the greatest common factor of 136 and 40.
8
What is the greatest common divisor of 690 and 930?
30
What is the greatest common divisor of 85 and 238?
17
What is the highest common divisor of 2 and 674?
2
Calculate the highest common factor of 96 and 240.
48
What is the highest common divisor of 68 and 34?
34
What is the highest common divisor of 483 and 138?
69
What is the highest common divisor of 36 and 336?
12
What is the highest common divisor of 150 and 200?
50
What is the greatest common divisor of 2214 and 2050?
82
Calculate the greatest common factor of 460 and 20.
20
What is the greatest common divisor of 780 and 60?
60
What is the highest common factor of 8 and 12?
4
Calculate the greatest common divisor of 70656 and 32.
32
What is the greatest common divisor of 273 and 2093?
91
Calculate the greatest common divisor of 460 and 23.
23
Calculate the greatest common divisor of 16 and 872.
8
What is the greatest common factor of 84 and 948?
12
Calculate the highest common divisor of 1458 and 36.
18
Calculate the highest common factor of 117 and 18369.
117
Calculate the greatest common factor of 45 and 1044.
9
What is the greatest common factor of 522 and 58?
58
Calculate the highest common factor of 3740 and 850.
170
What is the highest common divisor of 1125 and 1950?
75
Calculate the highest common divisor of 4832 and 32.
32
Calculate the greatest common divisor of 13344 and 192.
96
Calculate the highest common factor of 48 and 72.
24
What is the highest common divisor of 35 and 25?
5
Calculate the greatest common divisor of 207 and 9.
9
What is the highest common factor of 376 and 88?
8
Calculate the highest common factor of 48 and 6.
6
Calculate the greatest common factor of 2241 and 216.
27
What is the highest common divisor of 39 and 1131?
39
Calculate the highest common factor of 63 and 2529.
9
Calculate the highest common divisor of 46 and 736.
46
Calculate the highest common divisor of 99 and 132.
33
What is the greatest common factor of 1204 and 588?
28
What is the greatest common divisor of 186 and 496?
62
What is the highest common factor of 92 and 16?
4
What is the greatest common factor of 988 and 52?
52
Calculate the greatest common factor of 304 and 4.
4
Calculate the highest common divisor of 930 and 60.
30
Calculate the greatest common factor of 272 and 2016.
16
Calculate the highest common divisor of 14 and 336.
14
Calculate the greatest common divisor of 1078 and 385.
77
Calculate the highest common divisor of 137 and 43.
1
What is the greatest common factor of 37272 and 24?
24
Calculate the greatest common divisor of 61 and 1403.
61
Calculate the greatest common divisor of 66 and 3168.
66
Calculate the greatest common factor of 105 and 10.
5
Calculate the greatest common factor of 78 and 533.
13
Calculate the highest common divisor of 595 and 280.
35
What is the highest common divisor of 175508 and 17?
17
What is the greatest common factor of 36 and 657?
9
What is the highest common factor of 4 and 26?
2
Calculate the highest common divisor of 18 and 495.
9
Calculate the greatest common divisor of 952 and 16.
8
Calculate the greatest common divisor of 1 and 381.
1
Calculate the greatest common factor of 23 and 6.
1
Calculate the highest common factor of 352 and 1188.
44
What is the 